{"id":12,"date":"2021-08-17T16:58:14","date_gmt":"2021-08-17T16:58:14","guid":{"rendered":"http:\/\/hofsgut-wisselsheim.com\/?page_id=12"},"modified":"2025-09-26T09:55:49","modified_gmt":"2025-09-26T09:55:49","slug":"ferienwohung-badnauheim","status":"publish","type":"page","link":"https:\/\/hofgut-wisselsheim.de\/","title":{"rendered":"Startseite"},"content":{"rendered":"<style>\/*! elementor - v3.15.0 - 20-08-2023 *\/<br \/>\n.elementor-heading-title{padding:0;margin:0;line-height:1}.elementor-widget-heading .elementor-heading-title[class*=elementor-size-]>a{color:inherit;font-size:inherit;line-height:inherit}.elementor-widget-heading .elementor-heading-title.elementor-size-small{font-size:15px}.elementor-widget-heading .elementor-heading-title.elementor-size-medium{font-size:19px}.elementor-widget-heading .elementor-heading-title.elementor-size-large{font-size:29px}.elementor-widget-heading .elementor-heading-title.elementor-size-xl{font-size:39px}.elementor-widget-heading .elementor-heading-title.elementor-size-xxl{font-size:59px}<\/style>\n<h2>Auf In die Wetterau!<\/h2>\n<p><a href=\"#Buchung\"><br \/>\nJetzt Kontakt aufnehmen<br \/>\n<\/a><\/p>\n<h1>\n<style>\/*! elementor - v3.15.0 - 20-08-2023 *\/<br \/>\nbody.elementor-page .elementor-widget-menu-anchor{margin-bottom:0}<\/style>\n<\/h1>\n<h1><em><strong>Die Webseite befindet sich im Umbau<\/strong><\/em><\/h1>\n<h2><span style=\"color: #808080;\">Auf Grund von Umstrukturierungen werden Sie in K\u00fcrze eine neue Webseite besuchen k\u00f6nnen. <\/span><\/h2>\n<h2><span style=\"color: #808080;\">Wir freuen uns Sie demn\u00e4chst wieder in einer Ferienwohnung wilkommen zu hei\u00dfen.<\/span><\/h2>\n<style>\/*! elementor - v3.15.0 - 20-08-2023 *\/<br \/>\n.elementor-column .elementor-spacer-inner{height:var(--spacer-size)}.e-con{--container-widget-width:100%}.e-con-inner>.elementor-widget-spacer,.e-con>.elementor-widget-spacer{width:var(--container-widget-width,var(--spacer-size));--align-self:var(--container-widget-align-self,initial);--flex-shrink:0}.e-con-inner>.elementor-widget-spacer>.elementor-widget-container,.e-con-inner>.elementor-widget-spacer>.elementor-widget-container>.elementor-spacer,.e-con>.elementor-widget-spacer>.elementor-widget-container,.e-con>.elementor-widget-spacer>.elementor-widget-container>.elementor-spacer{height:100%}.e-con-inner>.elementor-widget-spacer>.elementor-widget-container>.elementor-spacer>.elementor-spacer-inner,.e-con>.elementor-widget-spacer>.elementor-widget-container>.elementor-spacer>.elementor-spacer-inner{height:var(--container-widget-height,var(--spacer-size))}<\/style>\n<h2>BILDER<\/h2>\n<figure><img decoding=\"async\" src=\"http:\/\/hofgut-wisselsheim.de\/wp-content\/uploads\/2023\/09\/wappen-3-768x576.webp\" alt=\"wappen\" \/><\/figure>\n<figure><img decoding=\"async\" src=\"http:\/\/hofgut-wisselsheim.de\/wp-content\/uploads\/2023\/09\/wohnung-ausen-3-768x576.webp\" alt=\"wohnung ausen\" \/><\/figure>\n<figure><img decoding=\"async\" src=\"http:\/\/hofgut-wisselsheim.de\/wp-content\/uploads\/2023\/09\/eingang-3-768x576.webp\" alt=\"eingang\" \/><\/figure>\n<figure><\/figure>\n<figure><\/figure>\n<figure><\/figure>\n<figure><\/figure>\n<figure><\/figure>\n<figure><\/figure>\n<figure><\/figure>\n<figure><\/figure>\n<figure><\/figure>\n<figure><\/figure>\n<figure><\/figure>\n<figure><\/figure>\n<p>KONTAKT<\/p>\n\n<div class=\"wpcf7 no-js\" id=\"wpcf7-f761-o1\" lang=\"de-DE\" dir=\"ltr\" data-wpcf7-id=\"761\">\n<div class=\"screen-reader-response\"><p role=\"status\" aria-live=\"polite\" aria-atomic=\"true\"><\/p> <ul><\/ul><\/div>\n<form action=\"\/index.php?rest_route=%2Fwp%2Fv2%2Fpages%2F12#wpcf7-f761-o1\" method=\"post\" class=\"wpcf7-form init\" aria-label=\"Kontaktformular\" novalidate=\"novalidate\" data-status=\"init\">\n<fieldset class=\"hidden-fields-container\"><input type=\"hidden\" name=\"_wpcf7\" value=\"761\" \/><input type=\"hidden\" name=\"_wpcf7_version\" value=\"6.1.5\" \/><input type=\"hidden\" name=\"_wpcf7_locale\" value=\"de_DE\" \/><input type=\"hidden\" name=\"_wpcf7_unit_tag\" value=\"wpcf7-f761-o1\" \/><input type=\"hidden\" name=\"_wpcf7_container_post\" value=\"0\" \/><input type=\"hidden\" name=\"_wpcf7_posted_data_hash\" value=\"\" \/><input type=\"hidden\" name=\"_wpcf7_recaptcha_response\" value=\"\" \/>\n<\/fieldset>\n<p><label> Ihr Name<br \/>\n<span class=\"wpcf7-form-control-wrap\" data-name=\"your-name\"><input size=\"40\" maxlength=\"400\" class=\"wpcf7-form-control wpcf7-text wpcf7-validates-as-required\" aria-required=\"true\" aria-invalid=\"false\" value=\"\" type=\"text\" name=\"your-name\" \/><\/span> <\/label>\n<\/p>\n<p><label> Ihre E-Mail-Adresse<br \/>\n<span class=\"wpcf7-form-control-wrap\" data-name=\"your-email\"><input size=\"40\" maxlength=\"400\" class=\"wpcf7-form-control wpcf7-email wpcf7-validates-as-required wpcf7-text wpcf7-validates-as-email\" aria-required=\"true\" aria-invalid=\"false\" value=\"\" type=\"email\" name=\"your-email\" \/><\/span> <\/label>\n<\/p>\n<p><label> Ihre Nachricht<br \/>\n<span class=\"wpcf7-form-control-wrap\" data-name=\"your-message\"><textarea cols=\"40\" rows=\"10\" maxlength=\"2000\" class=\"wpcf7-form-control wpcf7-textarea\" aria-invalid=\"false\" name=\"your-message\"><\/textarea><\/span> <\/label>\n<\/p>\n<span class=\"wpcf7-form-control-wrap recaptcha\" data-name=\"recaptcha\"><span data-sitekey=\"6LfYfyccAAAAAK-UFOHUfRJHKMrgjlLxFm12P1if\" data-size=\"compact\" data-theme=\"dark\" class=\"wpcf7-form-control wpcf7-recaptcha g-recaptcha\" id=\"6Lcb2SYcAAAAAASb4AlrbRakBWzFCLAEXKGMhkwf\"><\/span>\r\n<noscript>\r\n\t<div class=\"grecaptcha-noscript\">\r\n\t\t<iframe src=\"https:\/\/www.google.com\/recaptcha\/api\/fallback?k=6LfYfyccAAAAAK-UFOHUfRJHKMrgjlLxFm12P1if\" frameborder=\"0\" scrolling=\"no\" width=\"310\" height=\"430\">\r\n\t\t<\/iframe>\r\n\t\t<textarea name=\"g-recaptcha-response\" rows=\"3\" cols=\"40\" placeholder=\"reCaptcha Response Here\">\r\n\t\t<\/textarea>\r\n\t<\/div>\r\n<\/noscript>\r\n<\/span>\n<p><input class=\"wpcf7-form-control wpcf7-submit has-spinner\" type=\"submit\" value=\"Senden\" \/>\n<\/p><p style=\"display: none !important;\" class=\"akismet-fields-container\" data-prefix=\"_wpcf7_ak_\"><label>&#916;<textarea name=\"_wpcf7_ak_hp_textarea\" cols=\"45\" rows=\"8\" maxlength=\"100\"><\/textarea><\/label><input type=\"hidden\" id=\"ak_js_1\" name=\"_wpcf7_ak_js\" value=\"176\"\/><script>document.getElementById( \"ak_js_1\" ).setAttribute( \"value\", ( new Date() ).getTime() );<\/script><\/p><div class=\"wpcf7-response-output\" aria-hidden=\"true\"><\/div>\n<\/form>\n<\/div>\n\n<h2>Sehensw\u00fcrdigkeiten<\/h2>\n<p><a href=\"https:\/\/www.bad-nauheim.de\/de\/erlebnisreich\/sehenswertes\" target=\"_blank\" rel=\"noopener\"><br \/>\nSehensw\u00fcrdigkeiten In Bad-Nauheim<br \/>\n<\/a><\/p>\n<style>\/*! elementor - v3.15.0 - 20-08-2023 *\/<br \/>\n.elementor-widget-google_maps .elementor-widget-container{overflow:hidden}.elementor-widget-google_maps .elementor-custom-embed{line-height:0}.elementor-widget-google_maps iframe{height:300px}<\/style>\n<p><iframe title=\" Hofgut Wisselsheim Weihergasse 4, 61231 Bad Nauheim\" src=\"https:\/\/maps.google.com\/maps?q=%20Hofgut%20Wisselsheim%20Weihergasse%204%2C%2061231%20Bad%20Nauheim&amp;t=m&amp;z=12&amp;output=embed&amp;iwloc=near\" aria-label=\" Hofgut Wisselsheim Weihergasse 4, 61231 Bad Nauheim\"><\/iframe><\/p>\n<p style=\"text-align: center;\">Willkommen in unserer familienfreundlichen Ferienwohnung bei Badnauheim. Kontaktieren Sie uns gerne per Email f\u00fcr Ihre individuelle Anfrage.<\/p>\n<p style=\"text-align: center;\">Wir freuen uns auf Ihren Besuch.<\/p>\n<p>Georg Schirmer<\/p>\n<p><a href=\"tel:(0152) 53 90 05 85\">(01 52) 53 90 05 85<\/a><\/p>\n<p>gc.schirmer@online.de<\/p>\n","protected":false},"excerpt":{"rendered":"<p>Auf In die Wetterau! Jetzt Kontakt aufnehmen Die Webseite befindet sich im Umbau Auf Grund von Umstrukturierungen werden Sie in K\u00fcrze eine neue Webseite besuchen k\u00f6nnen. Wir freuen uns Sie demn\u00e4chst wieder in einer Ferienwohnung wilkommen zu hei\u00dfen. BILDER KONTAKT Sehensw\u00fcrdigkeiten Sehensw\u00fcrdigkeiten In Bad-Nauheim Willkommen in unserer familienfreundlichen Ferienwohnung bei Badnauheim. Kontaktieren Sie uns gerne [&hellip;]<\/p>\n","protected":false},"author":1,"featured_media":0,"parent":0,"menu_order":0,"comment_status":"closed","ping_status":"closed","template":"","meta":{"ocean_post_layout":"full-screen","ocean_both_sidebars_style":"","ocean_both_sidebars_content_width":0,"ocean_both_sidebars_sidebars_width":0,"ocean_sidebar":"0","ocean_second_sidebar":"0","ocean_disable_margins":"on","ocean_add_body_class":"","ocean_shortcode_before_top_bar":"","ocean_shortcode_after_top_bar":"","ocean_shortcode_before_header":"","ocean_shortcode_after_header":"","ocean_has_shortcode":"","ocean_shortcode_after_title":"","ocean_shortcode_before_footer_widgets":"","ocean_shortcode_after_footer_widgets":"","ocean_shortcode_before_footer_bottom":"","ocean_shortcode_after_footer_bottom":"","ocean_display_top_bar":"off","ocean_display_header":"default","ocean_header_style":"","ocean_center_header_left_menu":"0","ocean_custom_header_template":"0","ocean_custom_logo":0,"ocean_custom_retina_logo":0,"ocean_custom_logo_max_width":0,"ocean_custom_logo_tablet_max_width":0,"ocean_custom_logo_mobile_max_width":0,"ocean_custom_logo_max_height":0,"ocean_custom_logo_tablet_max_height":0,"ocean_custom_logo_mobile_max_height":0,"ocean_header_custom_menu":"0","ocean_menu_typo_font_family":"0","ocean_menu_typo_font_subset":"","ocean_menu_typo_font_size":0,"ocean_menu_typo_font_size_tablet":0,"ocean_menu_typo_font_size_mobile":0,"ocean_menu_typo_font_size_unit":"px","ocean_menu_typo_font_weight":"","ocean_menu_typo_font_weight_tablet":"","ocean_menu_typo_font_weight_mobile":"","ocean_menu_typo_transform":"","ocean_menu_typo_transform_tablet":"","ocean_menu_typo_transform_mobile":"","ocean_menu_typo_line_height":0,"ocean_menu_typo_line_height_tablet":0,"ocean_menu_typo_line_height_mobile":0,"ocean_menu_typo_line_height_unit":"","ocean_menu_typo_spacing":0,"ocean_menu_typo_spacing_tablet":0,"ocean_menu_typo_spacing_mobile":0,"ocean_menu_typo_spacing_unit":"","ocean_menu_link_color":"","ocean_menu_link_color_hover":"","ocean_menu_link_color_active":"","ocean_menu_link_background":"","ocean_menu_link_hover_background":"","ocean_menu_link_active_background":"","ocean_menu_social_links_bg":"","ocean_menu_social_hover_links_bg":"","ocean_menu_social_links_color":"","ocean_menu_social_hover_links_color":"","ocean_disable_title":"on","ocean_disable_heading":"default","ocean_post_title":"","ocean_post_subheading":"","ocean_post_title_style":"","ocean_post_title_background_color":"","ocean_post_title_background":0,"ocean_post_title_bg_image_position":"","ocean_post_title_bg_image_attachment":"","ocean_post_title_bg_image_repeat":"","ocean_post_title_bg_image_size":"","ocean_post_title_height":0,"ocean_post_title_bg_overlay":0.5,"ocean_post_title_bg_overlay_color":"","ocean_disable_breadcrumbs":"off","ocean_breadcrumbs_color":"","ocean_breadcrumbs_separator_color":"","ocean_breadcrumbs_links_color":"","ocean_breadcrumbs_links_hover_color":"","ocean_display_footer_widgets":"on","ocean_display_footer_bottom":"off","ocean_custom_footer_template":"0","footnotes":""},"class_list":["post-12","page","type-page","status-publish","hentry","entry"],"yoast_head":"<!-- This site is optimized with the Yoast SEO plugin v27.3 - https:\/\/yoast.com\/product\/yoast-seo-wordpress\/ -->\n<title>Startseite - Hofgut Wisselsheim<\/title>\n<meta name=\"description\" content=\"Ferienwohnung in Badnauheim - familienfreundlich, gro\u00dfz\u00fcgig, ruhig, drei Schlafzimmer -Bad und G\u00e4steWC, gro\u00dfe K\u00fcche.\" \/>\n<meta name=\"robots\" content=\"index, follow, max-snippet:-1, max-image-preview:large, max-video-preview:-1\" \/>\n<link rel=\"canonical\" href=\"https:\/\/hofgut-wisselsheim.de\/\" \/>\n<meta property=\"og:locale\" content=\"de_DE\" \/>\n<meta property=\"og:type\" content=\"article\" \/>\n<meta property=\"og:title\" content=\"Startseite - Hofgut Wisselsheim\" \/>\n<meta property=\"og:description\" content=\"Ferienwohnung in Badnauheim - familienfreundlich, gro\u00dfz\u00fcgig, ruhig, drei Schlafzimmer -Bad und G\u00e4steWC, gro\u00dfe K\u00fcche.\" \/>\n<meta property=\"og:url\" content=\"https:\/\/hofgut-wisselsheim.de\/\" \/>\n<meta property=\"og:site_name\" content=\"Hofgut Wisselsheim\" \/>\n<meta property=\"article:modified_time\" content=\"2025-09-26T09:55:49+00:00\" \/>\n<meta property=\"og:image\" content=\"http:\/\/hofgut-wisselsheim.de\/wp-content\/uploads\/2023\/09\/wappen-3-768x576.webp\" \/>\n<meta name=\"twitter:card\" content=\"summary_large_image\" \/>\n<meta name=\"twitter:label1\" content=\"Gesch\u00e4tzte Lesezeit\" \/>\n\t<meta name=\"twitter:data1\" content=\"6\u00a0Minuten\" \/>\n<script type=\"application\/ld+json\" class=\"yoast-schema-graph\">{\"@context\":\"https:\\\/\\\/schema.org\",\"@graph\":[{\"@type\":\"WebPage\",\"@id\":\"https:\\\/\\\/hofgut-wisselsheim.de\\\/\",\"url\":\"https:\\\/\\\/hofgut-wisselsheim.de\\\/\",\"name\":\"Startseite - Hofgut Wisselsheim\",\"isPartOf\":{\"@id\":\"https:\\\/\\\/hofgut-wisselsheim.de\\\/#website\"},\"primaryImageOfPage\":{\"@id\":\"https:\\\/\\\/hofgut-wisselsheim.de\\\/#primaryimage\"},\"image\":{\"@id\":\"https:\\\/\\\/hofgut-wisselsheim.de\\\/#primaryimage\"},\"thumbnailUrl\":\"http:\\\/\\\/hofgut-wisselsheim.de\\\/wp-content\\\/uploads\\\/2023\\\/09\\\/wappen-3-768x576.webp\",\"datePublished\":\"2021-08-17T16:58:14+00:00\",\"dateModified\":\"2025-09-26T09:55:49+00:00\",\"description\":\"Ferienwohnung in Badnauheim - familienfreundlich, gro\u00dfz\u00fcgig, ruhig, drei Schlafzimmer -Bad und G\u00e4steWC, gro\u00dfe K\u00fcche.\",\"breadcrumb\":{\"@id\":\"https:\\\/\\\/hofgut-wisselsheim.de\\\/#breadcrumb\"},\"inLanguage\":\"de\",\"potentialAction\":[{\"@type\":\"ReadAction\",\"target\":[\"https:\\\/\\\/hofgut-wisselsheim.de\\\/\"]}]},{\"@type\":\"ImageObject\",\"inLanguage\":\"de\",\"@id\":\"https:\\\/\\\/hofgut-wisselsheim.de\\\/#primaryimage\",\"url\":\"http:\\\/\\\/hofgut-wisselsheim.de\\\/wp-content\\\/uploads\\\/2023\\\/09\\\/wappen-3-768x576.webp\",\"contentUrl\":\"http:\\\/\\\/hofgut-wisselsheim.de\\\/wp-content\\\/uploads\\\/2023\\\/09\\\/wappen-3-768x576.webp\"},{\"@type\":\"BreadcrumbList\",\"@id\":\"https:\\\/\\\/hofgut-wisselsheim.de\\\/#breadcrumb\",\"itemListElement\":[{\"@type\":\"ListItem\",\"position\":1,\"name\":\"Startseite\",\"item\":\"https:\\\/\\\/hofgut-wisselsheim.de\\\/\"},{\"@type\":\"ListItem\",\"position\":2,\"name\":\"Startseite\"}]},{\"@type\":\"WebSite\",\"@id\":\"https:\\\/\\\/hofgut-wisselsheim.de\\\/#website\",\"url\":\"https:\\\/\\\/hofgut-wisselsheim.de\\\/\",\"name\":\"Hofgut Wisselsheim\",\"description\":\"familienfreundliche Ferienwohung in Bad Nauheim\",\"publisher\":{\"@id\":\"https:\\\/\\\/hofgut-wisselsheim.de\\\/#\\\/schema\\\/person\\\/c024c63e5e325c97f01c402db4ad8946\"},\"potentialAction\":[{\"@type\":\"SearchAction\",\"target\":{\"@type\":\"EntryPoint\",\"urlTemplate\":\"https:\\\/\\\/hofgut-wisselsheim.de\\\/?s={search_term_string}\"},\"query-input\":{\"@type\":\"PropertyValueSpecification\",\"valueRequired\":true,\"valueName\":\"search_term_string\"}}],\"inLanguage\":\"de\"},{\"@type\":[\"Person\",\"Organization\"],\"@id\":\"https:\\\/\\\/hofgut-wisselsheim.de\\\/#\\\/schema\\\/person\\\/c024c63e5e325c97f01c402db4ad8946\",\"name\":\"admin\",\"image\":{\"@type\":\"ImageObject\",\"inLanguage\":\"de\",\"@id\":\"https:\\\/\\\/secure.gravatar.com\\\/avatar\\\/1ba4a953411a039fd2159431fd952d689ad24084a28d257d45c9489de10ea977?s=96&d=mm&r=g\",\"url\":\"https:\\\/\\\/secure.gravatar.com\\\/avatar\\\/1ba4a953411a039fd2159431fd952d689ad24084a28d257d45c9489de10ea977?s=96&d=mm&r=g\",\"contentUrl\":\"https:\\\/\\\/secure.gravatar.com\\\/avatar\\\/1ba4a953411a039fd2159431fd952d689ad24084a28d257d45c9489de10ea977?s=96&d=mm&r=g\",\"caption\":\"admin\"},\"logo\":{\"@id\":\"https:\\\/\\\/secure.gravatar.com\\\/avatar\\\/1ba4a953411a039fd2159431fd952d689ad24084a28d257d45c9489de10ea977?s=96&d=mm&r=g\"},\"sameAs\":[\"http:\\\/\\\/hofsgut-wisselsheim.com\"]}]}<\/script>\n<!-- \/ Yoast SEO plugin. -->","yoast_head_json":{"title":"Startseite - Hofgut Wisselsheim","description":"Ferienwohnung in Badnauheim - familienfreundlich, gro\u00dfz\u00fcgig, ruhig, drei Schlafzimmer -Bad und G\u00e4steWC, gro\u00dfe K\u00fcche.","robots":{"index":"index","follow":"follow","max-snippet":"max-snippet:-1","max-image-preview":"max-image-preview:large","max-video-preview":"max-video-preview:-1"},"canonical":"https:\/\/hofgut-wisselsheim.de\/","og_locale":"de_DE","og_type":"article","og_title":"Startseite - Hofgut Wisselsheim","og_description":"Ferienwohnung in Badnauheim - familienfreundlich, gro\u00dfz\u00fcgig, ruhig, drei Schlafzimmer -Bad und G\u00e4steWC, gro\u00dfe K\u00fcche.","og_url":"https:\/\/hofgut-wisselsheim.de\/","og_site_name":"Hofgut Wisselsheim","article_modified_time":"2025-09-26T09:55:49+00:00","og_image":[{"url":"http:\/\/hofgut-wisselsheim.de\/wp-content\/uploads\/2023\/09\/wappen-3-768x576.webp","type":"","width":"","height":""}],"twitter_card":"summary_large_image","twitter_misc":{"Gesch\u00e4tzte Lesezeit":"6\u00a0Minuten"},"schema":{"@context":"https:\/\/schema.org","@graph":[{"@type":"WebPage","@id":"https:\/\/hofgut-wisselsheim.de\/","url":"https:\/\/hofgut-wisselsheim.de\/","name":"Startseite - Hofgut Wisselsheim","isPartOf":{"@id":"https:\/\/hofgut-wisselsheim.de\/#website"},"primaryImageOfPage":{"@id":"https:\/\/hofgut-wisselsheim.de\/#primaryimage"},"image":{"@id":"https:\/\/hofgut-wisselsheim.de\/#primaryimage"},"thumbnailUrl":"http:\/\/hofgut-wisselsheim.de\/wp-content\/uploads\/2023\/09\/wappen-3-768x576.webp","datePublished":"2021-08-17T16:58:14+00:00","dateModified":"2025-09-26T09:55:49+00:00","description":"Ferienwohnung in Badnauheim - familienfreundlich, gro\u00dfz\u00fcgig, ruhig, drei Schlafzimmer -Bad und G\u00e4steWC, gro\u00dfe K\u00fcche.","breadcrumb":{"@id":"https:\/\/hofgut-wisselsheim.de\/#breadcrumb"},"inLanguage":"de","potentialAction":[{"@type":"ReadAction","target":["https:\/\/hofgut-wisselsheim.de\/"]}]},{"@type":"ImageObject","inLanguage":"de","@id":"https:\/\/hofgut-wisselsheim.de\/#primaryimage","url":"http:\/\/hofgut-wisselsheim.de\/wp-content\/uploads\/2023\/09\/wappen-3-768x576.webp","contentUrl":"http:\/\/hofgut-wisselsheim.de\/wp-content\/uploads\/2023\/09\/wappen-3-768x576.webp"},{"@type":"BreadcrumbList","@id":"https:\/\/hofgut-wisselsheim.de\/#breadcrumb","itemListElement":[{"@type":"ListItem","position":1,"name":"Startseite","item":"https:\/\/hofgut-wisselsheim.de\/"},{"@type":"ListItem","position":2,"name":"Startseite"}]},{"@type":"WebSite","@id":"https:\/\/hofgut-wisselsheim.de\/#website","url":"https:\/\/hofgut-wisselsheim.de\/","name":"Hofgut Wisselsheim","description":"familienfreundliche Ferienwohung in Bad Nauheim","publisher":{"@id":"https:\/\/hofgut-wisselsheim.de\/#\/schema\/person\/c024c63e5e325c97f01c402db4ad8946"},"potentialAction":[{"@type":"SearchAction","target":{"@type":"EntryPoint","urlTemplate":"https:\/\/hofgut-wisselsheim.de\/?s={search_term_string}"},"query-input":{"@type":"PropertyValueSpecification","valueRequired":true,"valueName":"search_term_string"}}],"inLanguage":"de"},{"@type":["Person","Organization"],"@id":"https:\/\/hofgut-wisselsheim.de\/#\/schema\/person\/c024c63e5e325c97f01c402db4ad8946","name":"admin","image":{"@type":"ImageObject","inLanguage":"de","@id":"https:\/\/secure.gravatar.com\/avatar\/1ba4a953411a039fd2159431fd952d689ad24084a28d257d45c9489de10ea977?s=96&d=mm&r=g","url":"https:\/\/secure.gravatar.com\/avatar\/1ba4a953411a039fd2159431fd952d689ad24084a28d257d45c9489de10ea977?s=96&d=mm&r=g","contentUrl":"https:\/\/secure.gravatar.com\/avatar\/1ba4a953411a039fd2159431fd952d689ad24084a28d257d45c9489de10ea977?s=96&d=mm&r=g","caption":"admin"},"logo":{"@id":"https:\/\/secure.gravatar.com\/avatar\/1ba4a953411a039fd2159431fd952d689ad24084a28d257d45c9489de10ea977?s=96&d=mm&r=g"},"sameAs":["http:\/\/hofsgut-wisselsheim.com"]}]}},"_links":{"self":[{"href":"https:\/\/hofgut-wisselsheim.de\/index.php?rest_route=\/wp\/v2\/pages\/12","targetHints":{"allow":["GET"]}}],"collection":[{"href":"https:\/\/hofgut-wisselsheim.de\/index.php?rest_route=\/wp\/v2\/pages"}],"about":[{"href":"https:\/\/hofgut-wisselsheim.de\/index.php?rest_route=\/wp\/v2\/types\/page"}],"author":[{"embeddable":true,"href":"https:\/\/hofgut-wisselsheim.de\/index.php?rest_route=\/wp\/v2\/users\/1"}],"replies":[{"embeddable":true,"href":"https:\/\/hofgut-wisselsheim.de\/index.php?rest_route=%2Fwp%2Fv2%2Fcomments&post=12"}],"version-history":[{"count":528,"href":"https:\/\/hofgut-wisselsheim.de\/index.php?rest_route=\/wp\/v2\/pages\/12\/revisions"}],"predecessor-version":[{"id":944,"href":"https:\/\/hofgut-wisselsheim.de\/index.php?rest_route=\/wp\/v2\/pages\/12\/revisions\/944"}],"wp:attachment":[{"href":"https:\/\/hofgut-wisselsheim.de\/index.php?rest_route=%2Fwp%2Fv2%2Fmedia&parent=12"}],"curies":[{"name":"wp","href":"https:\/\/api.w.org\/{rel}","templated":true}]}}